83 a prime number?
True
Is 191233517 prime?
True
Is 784368157 composite?
False
Is 1205015795 a prime number?
False
Is 10557492667 composite?
False
Is 22880818 prime?
False
Is 1967624041 composite?
True
Is 794225827 prime?
True
Is 780013781 a composite number?
False
Is 1337613689 a prime number?
False
Is 590655521 prime?
True
Is 2146545193 a composite number?
True
Is 4422577837 prime?
False
Is 8557375733 a prime number?
True
Is 6254676569 prime?
True
Is 170042029 composite?
False
Is 81495119273 a prime number?
True
Is 18093578543 prime?
True
Is 2751886513 a prime number?
False
Is 1366053263 composite?
True
Is 389294617 a prime number?
True
Is 36631499015 a prime number?
False
Is 12521783 composite?
True
Is 4971358177 a prime number?
False
Is 172517615513 composite?
True
Is 6921687826 a composite number?
True
Is 1369061231 composite?
True
Is 64742566121 a prime number?
True
Is 282019601 prime?
False
Is 164614393 composite?
True
Is 375159683 prime?
False
Is 5588432347 a composite number?
False
Is 58204068647 a composite number?
False
Is 1394499637 a prime number?
False
Is 93040349 a composite number?
False
Is 377975513 composite?
True
Is 13006626658 composite?
True
Is 3087532607 composite?
True
Is 23944195943 prime?
True
Is 3628962859 a composite number?
False
Is 10058363 a prime number?
False
Is 47794741 a prime number?
True
Is 10281911 a prime number?
True
Is 326641729 a composite number?
False
Is 413469439 a composite number?
True
Is 80268507413 composite?
False
Is 1826399753 prime?
False
Is 6172524901 prime?
True
Is 603236167 prime?
True
Is 18463139521 a composite number?
False
Is 119498017 composite?
True
Is 8284370849 prime?
True
Is 63617559 a composite number?
True
Is 1200804329 a prime number?
False
Is 1436748949 a composite number?
False
Is 5794501109 composite?
True
Is 40048598879 a composite number?
False
Is 117627157069 a composite number?
False
Is 25654804886 a prime number?
False
Is 104141249 composite?
True
Is 36260495897 composite?
True
Is 2427706313 a composite number?
True
Is 24192881477 a prime number?
False
Is 58519871 prime?
True
Is 643097329 a prime number?
False
Is 54151537 composite?
True
Is 3237877193 a composite number?
False
Is 2124852689 a prime number?
True
Is 4477630555 prime?
False
Is 10701705431 a composite number?
False
Is 3472967063 composite?
False
Is 10088303851 prime?
True
Is 5591280785 a prime number?
False
Is 642477595 composite?
True
Is 301776901 a prime number?
False
Is 7856057059 prime?
False
Is 67279894849 prime?
True
Is 391049991415 composite?
True
Is 625524157 a prime number?
False
Is 15569820571 a prime number?
False
Is 2558321749 composite?
True
Is 408521017 composite?
False
Is 2135542447 prime?
False
Is 1535949509 a composite number?
True
Is 119002992283 a prime number?
False
Is 27189901799 prime?
False
Is 4710060809 composite?
True
Is 100079081437 prime?
False
Is 10102799153 composite?
True
Is 74655886909 a prime number?
True
Is 2119525699 prime?
True
Is 452832641 prime?
True
Is 9038576059 composite?
False
Is 7608111523 a composite number?
False
Is 266813597 composite?
False
Is 282281223779 composite?
False
Is 30796877093 composite?
False
Is 17939963 composite?
False
Is 1023515023 a prime number?
False
Is 16551468137 a composite number?
True
Is 30457605289 a prime number?
True
Is 2695846781 a composite number?
False
Is 1417910447 composite?
True
Is 250436177 a prime number?
True
Is 17735967881 prime?
True
Is 438340607 prime?
False
Is 52080815767 prime?
True
Is 82009400581 a composite number?
False
Is 238552817 a prime number?
True
Is 116195984863 prime?
False
Is 292039423 a prime number?
False
Is 38856557057 a composite number?
False
Is 282544993 prime?
True
Is 29916685891 a prime number?
False
Is 6154922779 composite?
True
Is 1380920201 a composite number?
False
Is 2559997321 a prime number?
False
Is 23290844957 a composite number?
True
Is 30576203 a composite number?
True
Is 64748182649 prime?
False
Is 23397252863 a composite number?
False
Is 3485114377 a prime number?
False
Is 371143007 a composite number?
False
Is 6854260493 composite?
False
Is 7057805753 a composite number?
True
Is 15333492061 a prime number?
False
Is 6055833241 a composite number?
True
Is 5674834531 composite?
True
Is 56040950903 a composite number?
True
Is 4372480045 composite?
True
Is 511577371 prime?
False
Is 33083880763 prime?
True
Is 989461741 composite?
True
Is 5383244179 composite?
True
Is 303457499 a composite number?
True
Is 401995627 a composite number?
True
Is 131945915 a composite number?
True
Is 429508397 composite?
False
Is 1244313647 a prime number?
True
Is 111268429 prime?
True
Is 21712099 prime?
True
Is 23143326509 a composite number?
False
Is 95124157 a composite number?
False
Is 121160700571 a prime number?
False
Is 4572500707 prime?
False
Is 1392195019 composite?
False
Is 13279887287 a composite number?
True
Is 6290248571 a prime number?
False
Is 11959785637 a prime number?
True
Is 31988863601 composite?
True
Is 39013681178 a prime number?
False
Is 17326301 composite?
False
Is 10489303987 prime?
False
Is 3565067323 composite?
True
Is 72363646813 a prime number?
True
Is 32979369029 composite?
False
Is 521663333 composite?
True
Is 16527369563 a composite number?
True
Is 946344599 composite?
True
Is 7505891377 prime?
True
Is 911405527 prime?
True
Is 8863607933 a composite number?
False
Is 4762387235 a prime number?
False
Is 16435091867 prime?
True
Is 27350418301 prime?
True
Is 18075775093 a prime number?
False
Is 3882331711 composite?
True
Is 19343961753 a composite number?
True
Is 18131928457 a prime number?
True
Is 1861632701 composite?
False
Is 126399050051 a composite number?
False
Is 2182456918 prime?
False
Is 7883022319 a prime number?
False
Is 54699923 a prime number?
True
Is 461949463 prime?
True
Is 5649623981 a prime number?
True
Is 1554739673 a composite number?
True
Is 3798191899 a prime number?
True
Is 36189280649 a prime number?
True
Is 483659131 composite?
True
Is 230871013 prime?
True
Is 4225181 a prime number?
False
Is 112939121683 prime?
True
Is 8767021171 a prime number?
True
Is 28422088269 a composite number?
True
Is 123432634433 a composite number?
False
Is 374820151 prime?
False
Is 8751985054 composite?
True
Is 20639184551 a prime number?
False
Is 308370883 a composite number?
False
Is 106489641317 prime?
False
Is 7236767183 a prime number?
True
Is 6303404119 prime?
True
Is 2609869789 composite?
True
Is 675444403 prime?
False
Is 330593507 composite?
False
Is 171347805137 a composite number?
True
Is 26241045637 composite?
False
Is 3794153197 a prime number?
False
Is 14348316133 composite?
True
Is 46332697111 a composite number?
True
Is 793146511 composite?
True
Is 519040859 a prime number?
False
Is 31507442683 prime?
False
Is 12874512179 composite?
True
Is 403742653 a prime number?
True
Is 1452593477 a prime number?
True
Is 183299512831 prime?
False
Is 356310671 prime?
True
Is 2366708713 a prime number?
False
Is 836622373 a composite number?
False
Is 5700521647 a composite number?
False
Is 10293024589 a composite number?
False
Is 2422949777 composite?
False
Is 8784148439 composite?
True
Is 146600939 a composite number?
False
Is 117517708037 prime?
True
Is 31266215443 a composite number?
False
Is 15872493061 a composite number?
True
Is 9181484801 composite?
False
Is 4137745511 a composite number?
False
Is 4619280119 composite?
True
Is 2083357205 a composite number?
True
Is 5979943607 prime?
False
Is 1092894029 composite?
True
Is 114060858359 composite?
True
Is 3853095949 composite?
True
Is 541968883 a composite number?
False
Is 171378705307 a prime number?
False
Is 28870175749 prime?
True
Is 9417582883 composite?
True
Is 277374095 a composite number?
True
Is 1390505539 a prime number?
False
Is 14373954943 prime?
True
Is 108144012533 prime?
True
Is 2096237281 composite?
False
Is 155390153 a composite number?
True
Is 7091739779 a prime number?
False
Is 96471539 composite?
False
Is 970840547 a prime number?
False
Is 1380010111 composite?
True
Is 5362808263 prime?
False
Is 28516353919 composite?
True
Is 47296343 composite?
False
Is 1130499313 a prime number?
False
Is 44253414587 composite?
False
Is 81102442237 composite?
False
Is 4620325081 a composite number?
False
Is 12946094463 composit